 = 2*f + 30 - 36, 5*f = -2*m. What is the highest common factor of m and 815?
5
Let t be 2/6 - 270/162*(-86)/2. What is the highest common divisor of t and 9000?
72
Let p = 597 - -315. Suppose -109*m - p = -117*m. What is the greatest common divisor of 266 and m?
38
Let r = 37 - 28. Suppose -5*v + r = -141. Suppose -29*s + v*s = 57. Calculate the highest common factor of 38 and s.
19
Let d(t) = -t + 1. Let i(q) = 18*q. Let w(f) = 48*d(f) + 3*i(f). Suppose 18 = 4*y - 7*y. Let o be w(y). Calculate the greatest common divisor of o and 156.
12
Suppose 2*j - 3460 = 2*k - 758, 0 = -4*j - k + 5399. Suppose t + j = 6*t - 3*o, -t - 3*o + 288 = 0. What is the greatest common factor of 117 and t?
39
Let x(l) = 1241*l - 435. Let p be x(2). What is the greatest common factor of 445 and p?
89
Suppose 14*j = 12*j - 88. Let i be -7 - -3 - (j - 0)/2. Let s be (-4)/i - 5365/(-45). Calculate the highest common factor of s and 17.
17
Suppose -118 = -8*x - 62. Let r be (280/x)/8 + 2. Suppose 0 = 5*m - 27 - 8. What is the greatest common factor of r and m?
7
Let h(d) = -3*d + 21. Let g be h(6). Suppose g*v - 15 + 9 = 0. Let j be 3/3 - (-10 - v). What is the highest common factor of j and 13?
13
Suppose -8*c - c = -6*c. Let d be (12/(-9) - c)/((-68)/16218). What is the highest common factor of d and 12?
6
Let i(j) = j**3 - 47*j**2 - 106*j + 407. Let p be i(49). Calculate the highest common divisor of p and 4155.
15
Suppose -14*t - 40 = 4*y, 6*t - 3*t = 4*y - 62. Let i(k) = 21*k + 8. Let x be i(8). What is the highest common factor of y and x?
11
Let z = -73 + 79. Suppose -7 = o - z, -4*c = -4*o - 8. Suppose 2*x - 5*q - 4 = 1, q - c = 0. What is the greatest common divisor of 10 and x?
5
Let b be (-217)/(-2) - 1/2. Let r be 7/((-1)/(-1)) - (2869/(-19) - -14). What is the highest common factor of r and b?
36
Let z(i) = i**3 + 5*i**2 - 12*i + 130. Let q be z(-8). What is the greatest common factor of q and 1054?
34
Suppose -4*z = -m + 1510, -3*m + 2*z - 4*z = -4558. What is the greatest common factor of m and 44?
22
Suppose 0 = -m - 5*a - 193, 4*m + 26*a = 22*a - 788. Let k = m + 249. Calculate the highest common factor of 391 and k.
17
Suppose -19*p - 444 = -7*p. Let x = p + 313. Calculate the highest common divisor of x and 12.
12
Let w(o) = 44*o + 24. Let h be w(-5). Let i = h + 228. Calculate the greatest common factor of 208 and i.
16
Suppose 51*a - 49*a = 2*v + 150, -a + 5*v = -87. Calculate the highest common factor of 3792 and a.
24
Suppose -13917*j + 660 = -13916*j. What is the greatest common factor of j and 3465?
165
Suppose 3*x = 2*q + 2302, 3*q + 3068 = 10*x - 6*x. Suppose 0 = 9*s + 13*s - x. Calculate the greatest common factor of s and 7.
7
Let j be 4224/68 + (-2)/17. Let r = j - -162. Calculate the greatest common divisor of r and 28.
28
Suppose 17*u - 11*u = -1758. Let w = u - -363. Let m(q) = 19*q**2 + q + 1. Let y be m(3). Calculate the greatest common factor of y and w.
35
Let c(t) = -t**2 - 70*t - 89. Let p be c(-68). Suppose -d + 566 = 143. Calculate the highest common divisor of d and p.
47
Let s(x) = -x**3 - 21*x**2 - 37*x - 48. Let v be s(-20). Let d = 307 - v. What is the highest common divisor of 1185 and d?
15
Let n = 11 - -103. Suppose 4*x - 30 = n. Let s be (-18)/7*35/(-10). Calculate the greatest common divisor of s and x.
9
Let l be ((-120)/(-32))/(8/(6272/12)). What is the highest common factor of l and 49?
49
Let x be -3*4/(-48) + (-195586)/(-152). What is the greatest common divisor of x and 26?
13
Let r = 1527 - 393. Suppose -15*c = -8*c - r. Calculate the greatest common factor of c and 405.
81
Suppose -12*u + 114 - 54 = 0. Let h be -2*(-42 + u) - (6 - 1). Calculate the highest common divisor of h and 966.
69
Let c be (238 - 237)/(2/(-298))*(-144 - -1). What is the greatest common factor of c and 143?
143
Let t be 18/(-36)*(-5 - 9). Let r(z) be the second derivative of z**3/2 - 5*z**2 + z. Let n be r(t). What is the highest common divisor of n and 121?
11
Let p(y) = 295*y**2 - 206*y + 1308. Let l be p(6). Calculate the highest common factor of 44 and l.
44
Let j = -58 + 70. Suppose j*m - 2717 = -7*m. What is the greatest common factor of m and 117?
13
Let o(u) = -2*u**2 + 24*u + 30. Let x be o(13). Suppose 3*t - 113 = j, -129 = -x*t - 2*j - j. Calculate the greatest common factor of t and 252.
36
Suppose h = -h + 32. Suppose -73*n + 21847 = 91*n - 12265. Calculate the highest common divisor of h and n.
16
Suppose -13*y + 18*y + 2705 = 0. Let a = -524 - y. Calculate the greatest common factor of a and 136.
17
Let x be ((-259141)/(-23))/19 - 8*1. What is the highest common factor of 180 and x?
45
Let l be (-222 + 223)*(0 + 65 - 2). Calculate the highest common factor of 77 and l.
7
Let s(l) = -l**2 + 81*l - 854. Let b be s(21). What is the greatest common factor of 58 and b?
58
Let u = -19965 - -20173. Calculate the greatest common factor of u and 1744.
16
Let a = -8243 + 8518. Calculate the highest common factor of 75 and a.
25
Let o(m) = -m + 3. Let q be o(-9). Suppose 5*z - 17 - 23 = 0. Let t be (-2)/(z/(-195)) - 15/20. What is the greatest common factor of t and q?
12
Let d = 275 - 256. Suppose -26*j + 252 = -d*j. Let r be 25*((-28)/(-5) + -2). What is the highest common factor of j and r?
18
Suppose -637 = 8*t - 2517. Let z = t + -221. Suppose -c = -4*w - 66, 2*w - 4*w = -5*c + 348. What is the highest common factor of z and c?
14
Let m be ((-723)/2)/((-127)/762). Calculate the highest common divisor of 9 and m.
9
Let m(o) = 2*o + 10. Let g be 1/(3/(-27)*3). Let n be m(g). Let f(z) = 21*z - 4. Let a be f(n). What is the highest common divisor of 20 and a?
20
Let v(r) = -r**3 - 12*r**2 - 13*r - 10. Let n be (-163)/15 - 32/240. Let o be v(n). Let s = -29 - -53. What is the greatest common factor of o and s?
12
Suppose -3*v = -x - 7, 0 = -x - 6*v + 3*v + 17. Suppose 4*y - x*a = 40, -2*y - 2*a + 17 = 3*y. What is the greatest common factor of 215 and y?
5
Let o = 12425 - 12325. Calculate the highest common factor of o and 3175.
25
Let a be (-360)/2*(-130)/585. Calculate the greatest common divisor of 29000 and a.
40
Let y be (7 + -2)*(5 + -4). Suppose 4*p + 4*v - 3*v - 73 = 0, -3*p + y*v + 49 = 0. Calculate the greatest common factor of 18 and p.
18
Suppose -5*v - 9*v = -56. Let n(g) = 132*g - 39. Let i be n(v). Let c = i + -319. Calculate the highest common divisor of 10 and c.
10
Suppose 2 = 7*q - 5. Let z(y) = 8*y**2 - 2*y. Let o be z(q). Let g be (20/o)/((-1 + -3)/(-12)). What is the highest common divisor of 90 and g?
10
Let f(k) be the first derivative of 3*k**2/2 + 17*k + 14. Let n be f(-5). What is the greatest common factor of n and 1?
1
Let f = 1307 - 1157. What is the greatest common divisor of 3420 and f?
30
Suppose g - 459 = -2*x, 2754*g - 2760*g + 2724 = -3*x. Let u be ((-5)/(-1))/(2/14). What is the highest common factor of u and g?
35
Suppose m - 2*c = 868, 8*m = 3*m - c + 4285. What is the greatest common divisor of m and 1170?
78
Let l(h) = -8*h - 280. Suppose -19*b - 280 = -12*b. Let x be l(b). Calculate the greatest common divisor of x and 380.
20
Let n(u) = 2*u**3 + 4*u**2 + 6*u - 3. Let q be n(4). Let i be (1 + -2)/(3 - (-50)/(-15)). Calculate the highest common factor of q and i.
3
Let s(x) = -x**3 + 79*x**2 + 252*x - 55. Let v be s(82). Calculate the highest common factor of v and 76.
19
Let x(v) = 38*v + 3. Let u be x(3). Let h(k) = -k**2 - 36*k - 190. Let d be h(-7). Calculate the highest common divisor of u and d.
13
Let t(d) = -d**2 + d + 2. Let z be t(2). Let a be z + 5 + (-4)/(-4). Let l = 28199 - 28133. What is the highest common divisor of l and a?
6
Suppose 5*i - 9*i + 60 = 5*c, -3*i = -4*c - 14. Let v be 8/i - 9904/(-20). What is the highest common divisor of v and 31?
31
Suppose 5*h - 1030 = -3*o, -3*h + 5*o + 173 = -479. Calculate the greatest common divisor of h and 319.
11
Suppose 44 = -5*x + 66 + 503. What is the highest common divisor of 645 and x?
15
Let i = 4271 - 4103. Let o = 1 + 1. Suppose -3*v = -2*v - o*n - 39, i = 5*v - n. What is the highest common divisor of 44 and v?
11
Suppose -u = 2*u - 324. Let m(c) = -c**2 - 12*c - 20. Let l(p) = -6*p**2 + 2. Let q be l(-1). Let g be m(q). Calculate the greatest common divisor of g and u.
12
Let o(r) = 7*r + 289. Let i be o(-24). What is the